/(2/28). Let t = -28 - q. Suppose 2*w - t = 5*l - 16, -4*l - 12 = 0. What is the greatest common divisor of w and 8?
2
Let c(i) = -i**3 - 2*i**2 + 5*i - 7. Let x be c(-5). Suppose -x = -4*f + 117. Calculate the greatest common factor of 5 and f.
5
Let r = 11 + -2. Let u(j) = 12*j - 4. Let w be u(6). Let p = 149 - w. What is the greatest common divisor of p and r?
9
Let c(k) = k**3 + 8*k**2 - 2*k + 3. Let v be c(-4). Suppose h - v = -2*h. Calculate the greatest common factor of h and 10.
5
Let j(w) = w**3 + 4*w**2 - 2*w - 4. Let c be j(-3). Let d = -76 - -131. Calculate the greatest common divisor of d and c.
11
Suppose 75 = 3*i - 3*r, 95 = 5*i - 4*r + 5*r. Calculate the highest common divisor of 8 and i.
4
Suppose 4*l + 2*g = -l + 1748, 5*l + 5*g = 1760. Let w = l + -147. Let t = w - 113. Calculate the highest common divisor of 8 and t.
8
Suppose -3*k + 4*c + 11 = 0, 0*k - c + 26 = 5*k. Let m(v) = v**3 + 27*v**2 + 4*v + 113. Let h be m(-27). Calculate the greatest common divisor of k and h.
5
Let h be (-10)/55 - 1454/(-11). Suppose -2*o + 4*o - h = 0. What is the highest common factor of o and 6?
6
Suppose o + 6 = i - 1, 2*o + 29 = 5*i. What is the greatest common factor of i and 5?
5
Suppose t - 20 = -48. Let o be t*(9/6 + -2). Calculate the greatest common factor of 98 and o.
14
Suppose 0 = -2*g + 26 - 6. Let z = -17 + 26. Suppose z*b = 6*b + 12. What is the greatest common factor of b and g?
2
Let n = 21 - 2. What is the highest common factor of 171 and n?
19
Let k = 0 + 2. Let g = k + -2. Suppose g = 2*o - 55 - 41. What is the highest common factor of 16 and o?
16
Suppose -3*o - 5*y = -o - 86, 0 = 3*o + y - 142. What is the greatest common factor of 16 and o?
16
Suppose -12*p + 20 = -11*p. Suppose -57 = -4*x + 23. Calculate the highest common divisor of p and x.
20
Suppose -48 = -2*a + 3*y, 5*a + 4*y - 42 = 101. Let x = -2 - -4. Let h = a - x. What is the highest common factor of h and 10?
5
Let a = 16 - 6. Calculate the highest common factor of a and 20.
10
Let s be 104/6 + (-4)/12. Suppose -5 = -x - k, -2*x + x = 4*k - s. What is the highest common divisor of 3 and x?
1
Let t(y) = 30*y - 30. Let n be t(7). What is the greatest common divisor of 24 and n?
12
Let d(r) = 76*r**3 + 7*r - 7. Let f be d(1). Suppose 4*i = -0*i + 2*j + 72, -3*i + 63 = 3*j. Calculate the highest common divisor of f and i.
19
Suppose n + 5 = 0, 0 = -5*t + t - 2*n + 38. Let i = t - -8. What is the highest common factor of i and 4?
4
Let n be (11 - 19)/(4/(-14)). Let w be 90/15 + (2 - 1). What is the highest common factor of w and n?
7
Suppose 0 = 2*w - 7 - 5. Let g be 4/(-6) + 88/w. Let y be 508/g + 18/(-63). What is the highest common divisor of 9 and y?
9
Let w = -59 + 65. What is the highest common divisor of w and 114?
6
Let b be 7 - -2 - 1*-2. Let f = 2 - -2. Suppose 7*g - f*g = 363. Calculate the highest common factor of b and g.
11
Let n = 77 + -44. Let d = 13 + -4. Suppose -2*a - a = -d. Calculate the highest common factor of a and n.
3
Suppose 3 = 2*z - 29. What is the greatest common divisor of z and 2?
2
Suppose -3*i + 57 = -12. Suppose i = -2*c + 155. What is the highest common divisor of c and 11?
11
Let a(y) = -y**3 + y**2 - 1. Let m(g) = 4*g**3 + 3*g**2 - g - 1. Let s(l) = -5*a(l) - m(l). Let c be s(8). What is the highest common divisor of c and 28?
14
Suppose 0 = -5*u - 0*u + 35. What is the greatest common factor of 7 and u?
7
Let a be 75*(-1 + (-8)/(-5)). Calculate the highest common factor of a and 9.
9
Let d(q) = -40*q - 10. Let i(a) = 16*a + 4. Let b(z) = -5*d(z) - 12*i(z). Let g be b(2). Let h be -1*g*-1 - 0. Calculate the greatest common factor of 18 and h.
18
Let s = 155 + -110. What is the greatest common factor of 5 and s?
5
Let w(q) = -33*q**3 - 2*q**2 - q. Let s be w(-1). Let o be 717/9 - (-7)/21. What is the highest common factor of s and o?
16
Let i(t) = 2*t**2 + 17*t + 2. Let r be i(-10). Calculate the greatest common factor of 40 and r.
8
Suppose -w + 5*h = 3*w - 35, -w - 2*h = -12. Suppose -33 = -5*q + 2*q. Let l = -9 + q. What is the highest common factor of l and w?
2
Suppose 0 = -f - 4*f + 1100. What is the greatest common divisor of 20 and f?
20
Let n be 9/6*(-4)/(-3). Suppose -93 = -3*x - w - n*w, x - w - 21 = 0. What is the greatest common factor of 208 and x?
26
Suppose 3*n - 61 = 107. Suppose 4*f = 2*f + n. What is the greatest common divisor of 28 and f?
28
Let r(q) = q**3 + 8*q**2 + 9*q - 3. Let y be r(-5). What is the highest common factor of 18 and y?
9
Let y(h) = h**2 - 1 + 4 + 1 + 4*h - h. Let i be y(-3). Suppose -f + 12 = -0*f. Calculate the highest common factor of i and f.
4
Let l = 17 + -15. What is the highest common divisor of l and 8?
2
Suppose 0 = 5*y + r - 6, -4*y + 0 = -2*r - 2. Suppose 6*f = 5*f + y. Calculate the highest common factor of 11 and f.
1
Let w(a) = a**3 + 11*a**2 + 10*a - 12. Let u be w(-9). Let p be 2/1*(-12)/(-8). Let k be p/2*(8 + 2). Calculate the highest common divisor of u and k.
15
Suppose -2*o = l - 7, 0 = 5*l - 0*l - 3*o - 9. Suppose -l*k + 5*k = 10. Suppose 92 - 17 = 5*i. What is the greatest common factor of i and k?
5
Let b = -88 + 128. Calculate the highest common divisor of b and 120.
40
Let l(h) = -20*h + 13. Let s be l(-6). What is the greatest common divisor of 19 and s?
19
Let z be 16/32 - (3/2)/(-3). Let n = 1 - 0. Calculate the greatest common factor of z and n.
1
Suppose o = -n + 62, -4*n + 40 = o - 28. Suppose 0*g = g - o. Suppose d - 5 = 0, -5*q = -3*q + d - 53. Calculate the greatest common factor of q and g.
12
Let f = 20 - 12. Let d(v) = 2*v**2 + v - 3. Let j be d(5). Let a be -2 + (j - (-4)/(-2)). What is the highest common factor of a and f?
8
Suppose -2*c + 237 + 153 = 2*b, -4*c = 5*b - 783. Calculate the highest common factor of c and 24.
24
Let m(l) be the second derivative of l**4/3 + 5*l**3/6 + l. Let o be m(-4). Calculate the greatest common factor of o and 22.
22
Let k be 2/(-11) + (-2786)/(-77). Calculate the greatest common factor of k and 12.
12
Let i be 0 + 2*(-4)/(-8). Let h(s) = 20*s**3 - s**2 + 2*s - 1. Let d be h(i). Calculate the highest common factor of 30 and d.
10
Let b be ((-7)/2)/(9/(-54)). Suppose -2*m + g = -11, -14 - 11 = -5*m + 2*g. Calculate the highest common factor of m and b.
3
Let h(f) = -f + 2. Let j(i) = -i**2 + 9*i + 10. Let c be j(11). Let z be h(c). Calculate the highest common factor of 14 and z.
14
Let j(y) = y**3 + 5*y**2 - 6*y. Let l be j(-6). Suppose -x = -l*x - 28. What is the greatest common divisor of x and 42?
14
Let q = 240 + -177. Calculate the highest common factor of 9 and q.
9
Let y(i) = -i**3 - i**2 + i + 1. Let r be y(-2). Suppose -j + r = -12. Suppose g = -4*g + j. Calculate the highest common divisor of g and 27.
3
Suppose 5*n + 40 - 6 = -3*c, 0 = 5*c - 4*n - 5. Let g be c/(-6)*48*2. What is the greatest common factor of g and 6?
6
Let w be (-2 + 0 - -36) + 0. Let n = w + -20. Calculate the highest common divisor of n and 154.
14
Let i = 2 - -6. Suppose -i*b + 4*b + 40 = 0. Let z = 28 - -52. Calculate the greatest common factor of b and z.
10
Let g = 13 - 33. Let v = 44 + g. Calculate the highest common divisor of v and 264.
24
Let d = 15 - -5. What is the highest common factor of d and 5?
5
Suppose -8*t = -1617 - 367. Calculate the highest common divisor of t and 31.
31
Let d = 99 + -57. Calculate the greatest common divisor of 14 and d.
14
Suppose -f = q - 3, -5*f + q + 9 = -0*f. Let n be (-147)/(-14) - 1/f. What is the greatest common divisor of 10 and n?
10
Let o(f) = 17*f - 3. Let k be o(1). Let q = 8 + k. What is the highest common factor of q and 44?
22
Suppose -6*h - 240 = -14*h. Calculate the greatest common factor of 210 and h.
30
Suppose -5*z + 2*s + 855 = s, 0 = 4*z + 2*s - 670. Calculate the highest common factor of 68 and z.
34
Let c be 1243/3 + (-2)/(-3). Suppose -2*h + 2*m + c = 3*h, 5*m + 83 = h. Let x = h + -44. What is the highest common divisor of x and 26?
13
Suppose x - 1 = 2*c + 11, 51 = 5*x - c. Let k = x - 1. What is the highest common divisor of k and 63?
9
Let s(q) = -3*q + 6. Let u be s(-7). What is the highest common divisor of u and 108?
27
Let o(p) = 3*p + 2. Let g be o(3). Let n be (6/9)/(1/129). Let a = n + -53. What is the highest common divisor of g and a?
11
Let p be (-3)/5 